 ((-14)/(-4))/(p/42)?
3, 7
Let s(u) = u**3 - 3*u**2 + 3*u - 4. Let b be s(3). Suppose d = -b*r + r + 77, -6 = 2*d. List the prime factors of r.
2, 5
Let t = 0 + 2. Suppose -m - 173 = -4*j, t*j + 53 = 3*j + 3*m. What are the prime factors of j?
2, 11
Suppose 645 + 4818 = 9*u. What are the prime factors of u?
607
Suppose -31*z = -16321 - 4790. List the prime factors of z.
3, 227
Suppose 0 = -3*m + 9 + 15. Suppose -i + 3 = 3*d - 0*d, -2*d - 4*i = m. Suppose d*y + 46 = 4*y. List the prime factors of y.
23
Let m(j) be the second derivative of -j**5/20 + 4*j**4/3 + 8*j**3/3 + 10*j**2 - 3*j. Let z be m(17). What are the prime factors of 2*z/(-6) - -34?
3, 11
Let z = 1294 + -726. Suppose 3*u = 4*v + z, 6 - 2 = -v. Suppose -n + 5*n - u = 0. List the prime factors of n.
2, 23
Let h = 334 + -75. What are the prime factors of h?
7, 37
Suppose -2*t = 3*u - 182, -3*t - u + 270 = -3. Suppose -b - 849 = -5*p, -p + t = 3*b - 66. List the prime factors of p.
13
Let d be (-12*(-8)/64)/((-2)/(-296)). Let t = 410 - d. What are the prime factors of t?
2, 47
Suppose -4*k + 61 + 59 = 0. Let m(h) = -2*h - 10. Let o be m(-8). Suppose k = c - o. What are the prime factors of c?
2, 3
Let y be (3/1)/((-11)/(-22)). Suppose 1611 = y*i + 3*i. List the prime factors of i.
179
Suppose 2*h = o - 11, -4*h - 4 = -5*o + 9. Let l = -50 + 25. Let j = h - l. List the prime factors of j.
2, 3
Let u = -512 + 835. What are the prime factors of u?
17, 19
Let x(w) = -w + 11. Let z be x(10). Let q be 148/12 + z/(-3). Let d = 16 - q. What are the prime factors of d?
2
Suppose q - 122 + 41 = 2*r, q = -r - 48. Let p = -20 - r. Let i = p + 10. List the prime factors of i.
3, 11
Let h = -1 + 12. Let p(r) = -h*r - r**2 - 3*r**2 + 3*r**2 - 6. What are the prime factors of p(-7)?
2, 11
Suppose 7011 = 12*z - 2421. List the prime factors of z.
2, 3, 131
Suppose 4*f + 2*p - 198 = 0, 2*p + 3*p = 15. Suppose 0 = -m - 5*m + f. What are the prime factors of m?
2
Let v(f) = 1947*f + 162. List the prime factors of v(1).
3, 19, 37
Let x(v) be the second derivative of v**3/6 - 2*v**2 + 10*v. Let q be x(6). What are the prime factors of 34 + 7 - 2/q?
2, 5
Let z be (-3 - 38 - -3)*4. Let t = z - -392. What are the prime factors of t?
2, 3, 5
Suppose 6 - 2 = -2*c + 2*j, 0 = c + 3*j - 14. Suppose 3*n - 5*k + 566 = 0, -5*k = -c*n - 2*k - 377. Let i = -120 - n. List the prime factors of i.
67
List the prime factors of (((-51930)/(-12))/15)/((-2)/(-4)).
577
Let a = 2286 + 957. List the prime factors of a.
3, 23, 47
Let h = -249 + 329. List the prime factors of h.
2, 5
Let l be -3 + (-213 - -4) - -2. Let q = 387 + l. What are the prime factors of q?
3, 59
Let b(s) be the first derivative of -2*s**2 - 5*s - 5. Let d be b(-10). Suppose -3*m - 2*m + d = 0. What are the prime factors of m?
7
Suppose -8 = 4*q - 6*q. Suppose q*p - 85 = -2*y + 19, -y + 72 = -2*p. List the prime factors of y.
2, 31
Let d(t) = 4*t - 19. Let y be d(6). Suppose k - y*z - 30 = 0, 4*z - 25 - 8 = -3*k. What are the prime factors of k?
3, 5
Let d = 3 + 5. Suppose 20 = 4*r + d. List the prime factors of r.
3
Suppose -2*f + 6 = 3*n, 5*f = 5*n - 1 + 16. Suppose 15*l - 8*l - 1575 = n. List the prime factors of l.
3, 5
Let g(i) = -9*i + 3. Let n(w) = -3*w. Let b be n(-1). Suppose -s - b*f - 5 = 0, 4*s - f + 20 = f. What are the prime factors of g(s)?
2, 3
Let v(j) = -2*j**2 - 2*j + 4. Suppose -7 = 2*g - 1. Let w be v(g). List the prime factors of 60/(-2)*w/10.
2, 3
Suppose -2*s + 131 = 3*f - 69, 208 = 3*f - 2*s. Suppose -3*r = u - 545, 3*r = 5*u - f + 637. What are the prime factors of r?
3, 61
Let d be 6/(((-18)/(-44))/3). Suppose -25*u + 14793 - 1393 = 0. What are the prime factors of u/44 + (-8)/d?
2, 3
Let r = -1287 - -6056. What are the prime factors of r?
19, 251
Let f(m) = -716*m + 523. List the prime factors of f(-5).
11, 373
Let t = 45 + 200. Let c = t + -128. List the prime factors of c.
3, 13
Suppose -3*j - 3*k + 76 = 2*k, 0 = 3*j - 2*k - 83. Let q = j - -77. What are the prime factors of q?
2, 13
Suppose -34 = 2*q - 2*p - 5300, 0 = -p - 2. What are the prime factors of q?
3, 877
Let j = 21 - 16. Let y be (-1 - 1) + (j - 3). Suppose y = -a + 22 + 24. What are the prime factors of a?
2, 23
Let q be 1 + (-4 + 3 - -2). Let m = 24 - q. What are the prime factors of m?
2, 11
What are the prime factors of 10665/20 + 2/(-8) + -2?
3, 59
Let i(b) = 3*b**2 - 27*b - 47. List the prime factors of i(14).
163
Let l = -5 + 10. Suppose -5*x + p = -740, 3*x - 3*p = -l*p + 444. Suppose 3*i + 2*i = 4*q - x, q = -3*i + 20. List the prime factors of q.
2
Let a(l) = -l - 16. Let m be a(-12). Let j = m - -9. What are the prime factors of j?
5
Suppose -o + 307 = -38. Suppose 0 = -5*g - 4*c + o, 0 = -2*g + c + 85 + 53. List the prime factors of g.
3, 23
Let g(n) = -7*n. Let h be g(-1). Let u(p) = 14*p + 42. List the prime factors of u(h).
2, 5, 7
Let k(l) = 4*l + 8. Let a be k(-4). Let y = 3 + a. Let q(r) = -10*r - 12. What are the prime factors of q(y)?
2, 19
Let m(j) = -j**2 + 8*j - 10. Let h be m(7). Suppose 0 = 5*g - 7*g - 2. What are the prime factors of (0/h - g) + 1?
2
Suppose z - 3 - 2 = 0. Suppose -t + 12 = z. List the prime factors of t.
7
Suppose -5*p + 2137 + 1111 = l, 4*p = 5*l + 2581. List the prime factors of p.
11, 59
Let t = -307 + 455. List the prime factors of t.
2, 37
Let p = 5 + -15. List the prime factors of 5/(p/6) + 16.
13
Let f = -41 + 43. Let v(y) = 12*y**3 - 3*y**2 - 2*y + 4. List the prime factors of v(f).
2, 3, 7
Let a = -575 - -905. List the prime factors of a.
2, 3, 5, 11
Suppose -4*u - 34 = 26. Suppose -3*f - 4*a = -80, 35 - 170 = -5*f - 5*a. Let m = f + u. What are the prime factors of m?
13
Suppose 0 = -4*k + 116 + 4. Suppose 0 = -3*l + 4*l - k. Suppose l = 3*c - 21. List the prime factors of c.
17
Let y(q) = -q**3 - 7*q**2 - 4*q + 6. Let j be y(-6). Suppose 5*h = 2*v - 4 + 59, -3*v + 30 = 5*h. List the prime factors of 4/j + 60/h.
2, 3
Suppose -750 = 13*w - 9. Let d = w - -65. What are the prime factors of d?
2
Let n(r) = -2*r. Let o be n(-2). Suppose 2*u + 0*u = f - 7, 50 = o*f + 3*u. List the prime factors of f.
11
Let y(f) = 18*f + 4 + 36 + 0*f - f. List the prime factors of y(7).
3, 53
Suppose -c - 67 = 3*o - 5*c, -3*o + 5*c = 68. List the prime factors of o/(-56)*4*-1*-56.
2, 3, 7
Suppose -3*h = -2*h - 4. Suppose 2*a - 5*w = 17, -a + h = 2*w - 0. Suppose 52 = 3*g - 5*j, -2*g + a + 37 = 5*j. What are the prime factors of g?
19
Suppose 280 = -w + 6*w. Suppose 0 = -0*o + 4*o + 2*u - 194, 0 = -o - 2*u + w. List the prime factors of o.
2, 23
Let g(j) = -j**2 + 12*j - 13. Let w be g(11). Let f be (1/w)/(1/(-6)). Suppose -a - f*m + 6 = -14, -2*m - 38 = -4*a. What are the prime factors of a?
11
Let r be (-1)/((-15)/(-9)) + 69/15. Suppose -5*y + 4*m + 3 + 182 = 0, 0 = y - r*m - 21. List the prime factors of y.
41
Let n = -910 - -1699. Suppose 9*k - 629 = 5*k + 3*z, -n = -5*k + z. What are the prime factors of k?
2, 79
Let n(w) = w**3 - 2*w**2 - 2*w + 3. Let x be n(2). Suppose 3*p = -2*h - 119, 2*p + p = -h - 115. Let i = x - p. What are the prime factors of i?
2, 3
Let r(d) be the third derivative of -d**6/120 + 2*d**5/15 - d**4/12 + 5*d**3/6 - 2*d**2. Let x be r(6). Suppose c = -4*c + x. What are the prime factors of c?
13
Let a = -53 - -59. Let s(m) = 3*m**2 + 2*m + 8. What are the prime factors of s(a)?
2
Let o(i) = i**2 + 5*i + 7. Let v be o(-2). Let q be (-3 - 0)*(-72)/(-27). Let s = v - q. What are the prime factors of s?
3
Let x = -19 - 40. Let h = 75 + x. What are the prime factors of h?
2
Let m(c) = 29*c + 28 + 28*c + c**2 + 6 - 68*c. What are the prime factors of m(13)?
2, 3, 5
Suppose -2*u + 3*k + 35 = -0*k, 60 = 5*u - 2*k. Suppose 8*y - u = 6*y. What are the prime factors of y?
5
Let k(h) = 11*h - 64. What are the prime factors of k(6)?
2
Let t(n) = 3*n. Suppose -6*h + 2*h = -4. Let p be t(h). Suppose a - p*a + 46 = 0. List the prime factors of a.
23
Suppose 0 = -14*t + 34*t - 16*t. Suppose -2*i - 9*i + 495 = t. What are the prime factors of i?
3, 5
Let o(b) = b**3 + 4*b**2 + 4*b + 2. Let f be o(-2). Suppose 3*w + f = 128. What are the prime factors of w?
2, 3, 7
Let x be (-2)/(-3 - -13) - (-1802)/10. Let y = x - 87. What are the prime factors of y?
3, 31
Suppose -132 = -k + 3*z, 6*k = 3*k - 4*z + 396. Suppose 5*l + b =